= -20*o - 18. Give s(-1).
2
Let w(d) = -d**3 - 4*d**2 + 6*d - 1. Calculate w(-6).
35
Let z(u) = -2*u**2 - 6*u + 5. Give z(5).
-75
Let r(i) = 3*i + 11. Calculate r(-6).
-7
Let i(t) = -t**3 + 5*t**2 - 9*t + 4. Give i(6).
-86
Let c(r) = 13*r - 42. What is c(3)?
-3
Let u(j) = 36*j + 6. Determine u(2).
78
Let u(v) = v**3 - 22*v**2 + 41*v - 16. Give u(20).
4
Let x(p) = -p**3 - 9*p**2 - 7*p - 3. What is x(-8)?
-11
Let q(k) = k**2 + 3*k - 10. Give q(-5).
0
Let c(a) = -a**3 - 8*a**2 + a + 1. What is c(-5)?
-79
Let f(o) = -17*o + 19. Determine f(8).
-117
Let j(i) = -i**3 + i**2 + 13*i - 24. Calculate j(3).
-3
Let h(n) = -2*n**2 + 27*n + 9. Determine h(14).
-5
Let g(n) = -4*n**3 + 77*n**2 - 18*n - 23. Determine g(19).
-4
Let w(j) = -4*j - 24. Determine w(-9).
12
Let f(w) = 5*w + 27. Give f(-6).
-3
Let l(c) = -21*c**2 + 122*c + 11. Determine l(6).
-13
Let n(z) = -z**2 - 3*z + 13. Determine n(6).
-41
Let h(m) = -m**3 - 10*m**2 + m - 21. What is h(-10)?
-31
Let j(h) = -2*h**2 - 15*h - 4. Determine j(-7).
3
Let z(f) = -45*f + 547. Determine z(12).
7
Let r(d) = d**3 + 9*d**2 + d + 10. Give r(-9).
1
Let g(b) = b**3 + 62*b**2 + 177*b + 10. Determine g(-59).
10
Let d(r) = r**3 - 6*r**2 - 6*r - 11. What is d(7)?
-4
Let i(b) = 2*b - 21. Give i(7).
-7
Let y(j) = -j**2 + 11*j - 9. What is y(7)?
19
Let b(y) = -y**2 + 24*y - 144. Determine b(13).
-1
Let t(f) = f**3 + 63*f**2 + 4*f + 249. Calculate t(-63).
-3
Let y(t) = 2*t**3 - 8*t**2 - 6*t - 22. Give y(5).
-2
Let q(p) = -5*p + 5. Give q(3).
-10
Let l(h) = h**2 + 5*h - 26. What is l(-7)?
-12
Let x(s) = 4*s**2 - 6*s - 5. What is x(5)?
65
Let c(u) = 5*u**3 + 2*u**2 - 6*u + 5. Determine c(1).
6
Let w(j) = j**2 - 51*j + 463. Give w(39).
-5
Let l(c) = c**3 - 20*c**2 + 7. What is l(20)?
7
Let b(x) = -x + 4. Give b(-4).
8
Let i(c) = 9*c - 20. Give i(-12).
-128
Let o(v) = 6*v + 13. Determine o(-7).
-29
Let t(p) = 2*p**2 + p - 17. Determine t(-4).
11
Let v(l) = l + 4. What is v(-12)?
-8
Let a(n) = -n**2 + 12*n + 1. What is a(10)?
21
Let f(v) = 5*v - 25. Give f(6).
5
Let u(h) = -h - 23. Determine u(2).
-25
Let h(r) = -r**2 - 5*r + 15. What is h(-7)?
1
Let h(w) = -w**3 - 2*w**2 + 6*w + 2. Determine h(-3).
-7
Let u(a) = -a**2 - a. What is u(1)?
-2
Let o(r) = 8*r - 3. Calculate o(-5).
-43
Let d(p) = 17*p - 1. Calculate d(-1).
-18
Let r(t) = -t**3 + 18*t**2 - 15*t + 7. Calculate r(17).
41
Let w(l) = 2*l**3 - 13*l**2 - 5*l - 17. What is w(7)?
-3
Let l(n) = 3*n**2 - 6*n - 2. Calculate l(3).
7
Let v(o) = o**3 + 9*o**2 + 14*o - 3. Determine v(-7).
-3
Let r(u) = -u**2 - 8*u + 1. Determine r(-9).
-8
Let j(h) = -17*h + 1. Calculate j(1).
-16
Let z(v) = -v**3 + 6*v**2 - 9*v + 20. What is z(5)?
0
Let m(o) = -3*o**2 - 3*o + 1. Calculate m(-2).
-5
Let f(j) = -5*j + 4. Calculate f(-4).
24
Let d(v) = 2*v**2 + 18*v + 8. What is d(-7)?
-20
Let g(q) = 3*q**2 - 4. Determine g(-2).
8
Let l(j) = -j - 14. Calculate l(-10).
-4
Let t(j) = -3*j**2 + 3*j + 4. Calculate t(3).
-14
Let i(n) = 14*n - 15. What is i(2)?
13
Let q(i) = i**2 + 31*i + 158. Calculate q(-25).
8
Let f(q) = -3*q**2 - 14*q + 51. What is f(-7)?
2
Let z(q) = -q**3 + q - 8. What is z(0)?
-8
Let y(c) = -c**3 - 3*c**2 + c - 7. Give y(-4).
5
Let d(s) = 2*s**2 - 6*s + 11. Give d(5).
31
Let h(o) = -o**3 + 5*o**2 + 6*o - 9. Determine h(6).
-9
Let d(n) = 7*n - 57. Give d(9).
6
Let v(o) = -o**3 - 10*o**2 - 22*o - 53. Calculate v(-8).
-5
Let i(z) = 10*z**2 - 5*z - 5. What is i(-3)?
100
Let h(i) = -i**3 - 8*i**2 - 2*i - 22. What is h(-8)?
-6
Let j(b) = b**2 - 18*b - 16. What is j(0)?
-16
Let h(o) = 71*o + 496. Determine h(-7).
-1
Let p(y) = y**2 + 27*y - 329. Give p(9).
-5
Let u(v) = -v**3 - 7*v**2 - 6*v + 2. Calculate u(-6).
2
Let k(c) = -13*c**3 + 91*c**2 + c - 11. What is k(7)?
-4
Let c(k) = -k - 17. What is c(-18)?
1
Let y(r) = -2*r - 25. Calculate y(-15).
5
Let w(b) = b**2. Calculate w(-2).
4
Let k(i) = 24*i**3 - i**2 + 2*i - 1. Determine k(1).
24
Let s(x) = -x**2 + 13*x - 44. Determine s(7).
-2
Let h(q) = -q**2 - 8*q - 6. Determine h(-1).
1
Let v(o) = o**3 - 5*o**2 + o - 7. Calculate v(4).
-19
Let m(z) = z**2 - 24*z - 1. Give m(23).
-24
Let w(g) = -g**2 - 23*g + 56. Determine w(-25).
6
Let r(z) = z**2 + 13*z - 21. Determine r(-14).
-7
Let x(o) = -2*o**2 - 41*o - 31. What is x(-21)?
-52
Let u(r) = r**2 + 9*r + 17. Give u(-7).
3
Let h(o) = -o**3 + 5*o**2 - 3*o + 7. Give h(5).
-8
Let f(a) = a**3 + 25*a**2 + 26*a - 57. Calculate f(-24).
-105
Let x(w) = 167*w + 500. Calculate x(-3).
-1
Let r(z) = z**2 + 4*z + 1. Calculate r(-6).
13
Let a(y) = -y - 4. Determine a(-3).
-1
Let p(k) = -k**3 + 19*k**2 - 20*k + 43. What is p(18)?
7
Let h(b) = b**2 + 5*b - 10. Give h(-6).
-4
Let m(t) = t**2 - 18*t - 73. Give m(28).
207
Let c(j) = -j**2 - 15*j + 40. What is c(-17)?
6
Let y(x) = x**2 + 13*x + 9. Give y(-12).
-3
Let k(h) = -39*h + 56. Calculate k(5).
-139
Let j(n) = n**2 - 6*n - 23. Determine j(9).
4
Let t(j) = j**3 + 8*j**2 - 6*j + 4. Give t(-4).
92
Let k(h) = 56*h - 1. Give k(1).
55
Let r(p) = 7*p + 124. What is r(-17)?
5
Let i(f) = -f**2 + 5*f - 1. Determine i(8).
-25
Let d(i) = -12*i**3 - i**2 + 2*i. Determine d(2).
-96
Let f(r) = -4*r + 4. What is f(4)?
-12
Let r(k) = -8*k - 25. Give r(-3).
-1
Let n(f) = 4*f**2 + 4*f - 1. Give n(-2).
7
Let p(b) = -6*b**3 + 4*b**2 - 4*b - 2. Determine p(2).
-42
Let b(k) = k**3 - 47*k**2 - 3*k + 136. What is b(47)?
-5
Let w(l) = l**3 - 9*l**2 + 8*l - 5. What is w(8)?
-5
Let l(q) = -3*q - 8. Give l(-4).
4
Let m(t) = 2*t**3 - 21*t**2 - 11*t + 7. Calculate m(11).
7
Let d(j) = 4*j**2 - 3*j + 1. Determine d(2).
11
Let g(f) = f**2 + 22*f + 11. Give g(-21).
-10
Let w(l) = l**3 + 6*l**2 - 2*l - 7. Calculate w(-5).
28
Let f(z) = -z**3 - 2*z**2 + z - 9. What is f(0)?
-9
Let a(y) = 14*y + 99. Calculate a(-8).
-13
Let k(m) = m**2 + 12*m - 19. Calculate k(-12).
-19
Let i(o) = -3*o - 9. What is i(-12)?
27
Let o(m) = -m - 12. Determine o(-12).
0
Let o(f) = f**3 + 3*f**2 - 2*f + 2. Give o(-2).
10
Let j(o) = o**2 + 43*o + 75. Determine j(-39).
-81
Let w(r) = -r**2 - 9*r + 5. Calculate w(-12).
-31
Let m(r) = -4*r - 38. Give m(-17).
30
Let o(w) = w - 10. Determine o(6).
-4
Let i(c) = -c**3 + 9*c**2 - 2*c + 19. What is i(9)?
1
Let o(w) = 4*w - 67. Calculate o(16).
-3
Let h(a) = -6*a + 20. Calculate h(8).
-28
Let n(u) = -6*u + 66. Calculate n(9).
12
Let r(f) = -42*f + 33. What is r(1)?
-9
Let v(j) = -j**3 - 7*j**2 - 5*j + 1. Calculate v(-6).
-5
Let t(n) = -43*n - 1. Give t(-1).
42
Let d(q) = -q**3 + 27*q**2 - 8*q + 222. Calculate d(27).
6
Let g(h) = 16*h + 1. Determine g(1).
17
Let k(r) = -3*r - 32. Give k(-6).
-14
Let d(m) = m**2 - 10*m + 18. Calculate d(9).
9
Let l(n) = n**2 - 7*n. What is l(6)?
-6
Let s(n) = -23*n**2 - 159*n + 17. Give s(-7).
3
Let a(j) = j**3 + 4*j**2 - 2*j - 5. Give a(-3).
10
Let l(s) = -s + 8. Give l(8).
0
Let z(i) = 5*i**2 - 48*i + 110. What is z(6)?
2
Let h(p) = -p**3 + 18*p**2 - 22*p + 7. Give h(17).
-78
Let j(o) = o**3 + 6*o**2 - 14*o - 8. Determine j(-7).
41
Let s(m) = m**3 + 2*m**2 + m - 1. Determine s(2).
17
Let s(b) = -b - 30. What is s(-11)?
-19
Let k(c) = -c**2 + 8*c - 15. Calculate k(7).
-8
Let z(g) = -g**3 + 5*g**2 + 18*g - 85. Calculate z(5).
5
Let q(j) = -j**3 - 5*j**2 - 13*j - 67. What is q(-5)?
-2
Let g(p) = -p + 17. Give g(15).
2
Let s(m) = m**3 - 6*m**2 - 4*m - 20. Give s(7).
1
Let b(i) = -i**2 + 4*i - 6. What is b(6)?
-18
Let t(c) = c**2 + c - 42. Calculate t(0).
-42
Let j(f) = -f**2 + 5*f + 8. Give j(6).
2
Let c(h) = h**2 + 3*h - 26. Calculate c(8).
62
Let n(i) = -2*i**2 + 4*i - 11. Give n(2).
-11
Let k(r) = 4*r - 6. What is k(-6)?
-30
Let m(w) = -w**2 + 5*w - 7. Calculate m(5).
-7
Let k(y) = -2*y**2 + 11*y + 14. Give k(6).
8
Let i(o) = -o + 10. Calculate i(18).
-8
Let o(i) = i**3 - 2*i + 2. Calculate o(2).
6
Let a(g) = g + 1. What is a(5)?
6
Let a(w) = 53*w - 1. What is a(-1)?
-54
Let o(i) = -25*i**3 + i**2 + 2*i - 2. Calculate o(1).
-24
Let p(l) = 19*l + 175. Determine p(-9).
4
Let o(i) = -i**3 - 6*i**2 + 25*i + 1. Calculate o(3).
-5
Let p(u) = -18*u - 106. What is p(-6)?
2
Let x(p) = -4*p - 11. Calculate x(-3).
1
Let w(m) = m**2 + 10*m + 10. Calculate w(-5).
-15
Let m(v) = v**2 + 16*v + 76. Give m(-6).
16
Let f(n) = n**3 + 2*n**2 - n + 4. Determine f(-4).
-24
Let k(h) = 4*h**3 - 2*h**2 + 4*h - 2. Give k(2).
30
Let g(x) = -x**3 + 13*x**2 - 13*